-4
Let n(u) = 4*u + 70. Let t be n(-17). Let d(i) = 708*i + i**2 + 0 - 712*i + t + 0. Determine d(5).
7
Let h(b) = 50*b + 47*b - 168*b + 63*b + 4 - 2. Calculate h(-3).
26
Let d(v) = v**2 - 28*v - 58. Let g = 25429 + -25431. Determine d(g).
2
Let j(z) be the third derivative of 5*z**4/12 + 17*z**3/3 + z**2 + 80*z. Calculate j(-3).
4
Let p(q) = -7*q - 19. Let z be p(-3). Suppose 5 = -z*r + r. Let v(t) = -5*t - 10. Determine v(r).
15
Let w(f) = f**2 + 27*f + 1. Let l(p) = -7*p + 67. Let t(d) = l(d) - w(d). Calculate t(2).
-6
Let a(x) = 4*x**3 - 5*x**2 + 7*x - 7. Let c(p) = 3*p**3 - 5*p**2 + 6*p - 6. Suppose -b + 16 - 10 = 4*r, 0 = b + r - 3. Let y(z) = b*a(z) - 3*c(z). What is y(5)?
-16
Let i(j) = 3*j**3 - 20*j**2 + 12*j - 156. Let p be i(7). Let g(k) = -2*k**2 - 49*k - 62. Give g(p).
7
Let s(w) be the second derivative of -w**5/20 + 7*w**4/6 - w**3/6 - 17*w**2/2 + 201*w. What is s(14)?
-31
Let j(p) = p. Let t(f) = 2*f + 22. Let c(x) = -5*j(x) + t(x). Let n(y) = y - 8. Let v(m) = 6*c(m) + 17*n(m). Determine v(3).
-7
Let o(y) be the third derivative of -y**5/60 - y**4/24 - 5*y**3/6 - 74*y**2 + 11. What is o(-5)?
-25
Let w(r) be the third derivative of r**4/24 + r**3/3 - 700*r**2. Determine w(-14).
-12
Let b(h) = h**3 + 5*h**2 - 7*h - 8. Suppose 3*y - 3 = 3*q - 0*q, -3 = 3*q + y. Let m = 12 - 10. Let u be ((-6)/q)/(m/(-2)). Give b(u).
-2
Suppose -3*q = -142 + 37. Suppose -20*x + 151 = -449. Let n = q - x. Let w(h) = -h**2 + 8*h - 4. Give w(n).
11
Let v(w) be the first derivative of 7*w**2 + 144*w + 456. What is v(-10)?
4
Let v(l) = 31*l - 1. Let s(b) = 99*b + 10. Let j(w) = -2*s(w) + 6*v(w). Determine j(-4).
22
Let o(c) be the third derivative of -c**7/840 + c**6/120 - c**5/60 - c**4/24 + 41*c**3/6 - 20*c**2. Let h(t) be the first derivative of o(t). Give h(3).
-7
Let m be (-1)/(-3) + 213/9. Let l be (m/16)/((-2)/4) - -13. Let y(o) = l*o + 1 + 4*o**3 + 6 - 8*o**2 - 5*o**3 - 1. Calculate y(-9).
-3
Let q(n) = -5*n**3 - n**2. Suppose 300 = -5*g + 2*c, -20 + 262 = -4*g + 2*c. Let v = g + 38. Let r be ((-16)/v)/(-4)*-5. Calculate q(r).
-6
Let m(i) = 4*i**2 - i. Let y be m(1). Let a(q) be the first derivative of q**3/3 + q**2 - 245*q - 329. Let u(k) be the first derivative of a(k). Give u(y).
8
Let f(u) = u**3 - 26*u**2 + 69*u - 2. Suppose -23*r + 143 = -240 - 146. What is f(r)?
-2
Let n(q) = q**2 + 28*q - 45. Let a be n(-31). Suppose -8*u = -16*u + a. Let j(k) = k**3 - 7*k**2 + 7*k. What is j(u)?
6
Let b(z) = -z**3 + 6*z**2 + z. Let x = 384 + -379. Suppose -x*d + 109 = 79. Determine b(d).
6
Let r(c) = c - 7. Let l be r(3). Let m(y) = 12120444*y - 2 - 1 + y**2 - 12120442*y. Give m(l).
5
Let j(o) = -18*o - 81. Let w be j(-5). Suppose -w*k = -31*k - 154. Let z(g) = -g**3 - 6*g**2 + 5*g - 9. What is z(k)?
5
Let f(w) = -w - 5. Let l(q) = 7*q + 26. Let i(b) = -b. Let g(d) = i(d) + l(d). Let x(v) = -11*f(v) - 2*g(v). Calculate x(-8).
11
Let n(w) = 0 + 33*w**2 - 27*w**2 - 3 - 3*w - 1 - w**3. Suppose -3*c - 2 = -2*a - 14, -4*c + 16 = -5*a. Determine n(c).
16
Let a(h) = -5*h**3 + 39*h**2 - 9*h + 8. Let v(n) = -n**3 + 8*n**2 - n + 1. Let s(w) = a(w) - 6*v(w). Calculate s(8).
-86
Suppose -m = -2*v - 55, -65*v + 61*v = -m + 69. Let a(h) = -6*h**2 + 245*h + 45. What is a(m)?
4
Suppose j = -2*o + 6, 5*j = -5*o + 1 + 4. Let x(q) = -5*q - 12. Let m be x(j). Let p(y) = m - 1 + 65*y - 37*y - 29*y. Calculate p(7).
0
Let u(w) = -2*w - 36. Let s = -833 - -879. Suppose -34 = m + 5*l, 2*m - 43*l + s*l = -40. What is u(m)?
-8
Let r(g) = -5*g**2 + 2*g + 2. Suppose -2*o - 7 = -15. Let x(q) = 3*q**2 + 6 + o - q + 7*q - 8. Let z be x(-2). Determine r(z).
-14
Let w(r) = -5 + 3*r**2 + 6*r + 2*r - 4*r**2 - 14*r. What is w(-5)?
0
Suppose 706*s - 608*s = -490. Let i(p) = 3*p**2 + 19*p + 18. Calculate i(s).
-2
Let l(k) = -25*k + 13. Let n(d) = -20*d + 10. Let i(z) = -3*l(z) + 4*n(z). Calculate i(7).
-34
Let p(l) = -3*l**2 - 16*l + 18. Let g(a) = -4*a**2 - 16*a + 19. Let f(k) = 4*g(k) - 5*p(k). Determine f(12).
34
Let o = 38673 + -38700. Let m(f) = f**2 + 27*f + 11. Determine m(o).
11
Suppose -4*o = 4*b + 12, 4*b + 12 = -15*o + 10*o. Let m(i) = i**2 + 3*i + 8. Give m(b).
8
Let a(l) = 2*l**2 - 5*l - 3. Suppose 80 = 4*d + 4*w, 2*w = 2*d + 7*w - 40. Let h be (d/4)/((-10)/(-8)). Determine a(h).
9
Let c(z) be the third derivative of z**4/6 + 37*z**3/6 + 2*z**2 - 619. Calculate c(-5).
17
Let v(o) = -4 - 4 + 3 + 1 + o - 5*o**2 - o**3. Let c be 1*(-7)/(28/(-528)). Let t be (c/(-18) - -7)*(-1 + 16). Calculate v(t).
-9
Suppose k = 2*k - 5*t + 4, -2*k = -2*t. Let w(q) = -199*q - 1 - k + 192*q - q**2. Determine w(-5).
8
Let k(r) be the second derivative of 1/2*r**3 + 3 + 18*r + 18*r**2. What is k(-14)?
-6
Let w(q) be the first derivative of 1/2*q**2 + 128 + 2/3*q**3 - 4*q + 1/4*q**4. Calculate w(-3).
-16
Suppose 22 - 7 = 5*o, -5*o = g - 20. Let n(y) = -g*y + 2*y + 1 - 7*y + y**2 + y + y. Determine n(9).
10
Let j be (12/(-70)*-20)/(6/21). Suppose -4*s = h + 18, 3*h + j*s - 17*s + 3 = 0. Let o(f) = -f**3 - 7*f**2 - 5*f + 11. Determine o(h).
5
Let j(u) = -26 - 2*u**3 + 3*u**3 - 387*u + 429*u + 15*u**2. Give j(-11).
-4
Let k(v) = 15*v**2 - 49*v + 1. Let i be 6*3*(-20)/(-15)*(-8)/(-64). Determine k(i).
-11
Suppose -4*g - 4*i + 5 = -215, -3*g + 2*i + 140 = 0. Let k = g - 38. Suppose 0*q + k = 3*q. Let h(s) = -s. Give h(q).
-4
Let a(g) = -g**3 - 5*g**2 + 14*g + 76. Let l be a(-5). Let o(v) = v**2 + 4*v - 56. Calculate o(l).
4
Let c = 8872 + -8863. Let n(i) = -i**3 + 12*i**2 - 24*i - 26. What is n(c)?
1
Let r be -2*1*52/2. Let b = 54 + r. Let x(k) = -9*k**b + 20*k**2 + 6 - 12*k**2. Calculate x(0).
6
Let j = 146 - 142. Suppose 17 = k + 3*w, 9*k - 5*w - 25 = j*k. Let x(t) = t - 1. Calculate x(k).
7
Let j(r) = -r**3 + 6*r**2 + 5. Let v be (-8)/(-3)*4653/(-66). Let d = -182 - v. Calculate j(d).
5
Let d(q) = 2*q - 8. Suppose 0*u - u = -2*o + 5, o + 4*u + 20 = 0. Suppose 4*i - t + 100 = o, 3*i + 2*t + 75 = 3*t. Let w be 10/i*(-15)/1. Give d(w).
4
Let u(o) be the second derivative of -1/6*o**3 - 5*o + 3/2*o**2 + 0 + 1/12*o**4. Let r = 42 + -38. Calculate u(r).
15
Let v(s) = -95*s**3 + 1. Let b be 20/11 + -1 - 444/(-2442). Give v(b).
-94
Let q = 113 - 124. Let b(n) = -34*n - 31. Let h(v) = 14*v + 15. Let y(r) = 2*b(r) + 5*h(r). What is y(q)?
-9
Let x(a) = 2*a + 9. Let u(r) = -r - 5. Suppose 5*c - 3*h - 177 - 170 = 0, 4*c - 4*h - 284 = 0. Let q = 56 - c. Let d(f) = q*u(f) - 6*x(f). Give d(6).
-5
Let d(a) be the first derivative of -a**4/4 - 2*a**3 - 5*a**2/2 + 3*a - 2963. Suppose 5*h = -h - 30. Determine d(h).
3
Let b(q) = 5*q + 1. Let f(a) = -a**2 - 30*a - 4. Let p(x) = 5*b(x) + f(x). Let n be 4/(5 + -1) - 9. Let v be (-3)/12 + 46/n. Determine p(v).
-5
Let u(o) = -o - 224 + 250 - 10*o. Give u(10).
-84
Let i(v) = 15*v - 2*v**2 + 3*v**2 + 2*v - 1 - 13. Let x be (504/(-364))/(5/(-13))*-5. Calculate i(x).
4
Suppose 2*r + 7 = 2*c + 3, -3*r - 38 = 5*c. Suppose 5*g - 3*b = 16, 0 = 3*g + b - 5*b - 14. Let o(y) = 7 - 3*y - 5*y - 2*y**g + 3*y - 2*y. What is o(r)?
-23
Let v(i) = -37*i**2 + 3*i + 114*i**2 + 30 - 76*i**2 - 2*i. Give v(0).
30
Let o(w) be the first derivative of w**4/24 + 17*w**3/6 - 7*w**2/2 + w - 24. Let h(t) be the second derivative of o(t). Calculate h(-12).
5
Let b(z) = -z - 1. Let k(y) be the first derivative of 7*y**2/2 - 45*y + 12. Let f be k(6). Let i(n) = 17*n + 2. Let r(x) = f*b(x) - i(x). Determine r(2).
-27
Let o(d) be the third derivative of -d**5/60 + 19*d**4/24 - 7*d**3/2 - 53*d**2 - 17. Suppose g = -f + 1 + 11, -4*f + 88 = -4*g. Calculate o(f).
13
Suppose 7*i - 14 = 5*h + 6*i, -5*h + 22 = 3*i. Let n(v) = 120*v**3 + 2*v + 1. Determine n(h).
-121
Let k = -746 + 749. Let z(t) = k*t**3 - t**2 - 5*t**2 + 2*t + 16*t**3 - 18*t**3. Calculate z(5).
-15
Let r(u) = -9*u - 4 + 20*u - 23 - 9*u - 3*u + 57. Let o = 0 + 0. Give r(o).
30
Let c be (-2 - -3)*2/2. Let q(j) be the second derivative of j**6/180 + 47*j**4/4 + 44*j. Let l(n) be the third derivative of q(n). Give l(c).
4
Suppose 0 = 20*u + 4236 - 18876. Suppose 0 = -u*f + 728*f + 24. Let k(a) = -a**3 + 6*a**2. Give k(f).
0
Let r(x) = -7*x**2 + 2*x + 11. Suppose -34*w + 18*w = -96. Let k(z) = 13*z**2 - 4*z - 24. Let i(q) = w*k(q) + 13*r(q). What is i(1)?
-12
Suppose -5*z + 5 + 10 = 0. Suppose 39*j - 15*j = 48. Let w(t) = 246*t**2 - 121*t**2 + 5 + t**z